{"id":1734,"date":"2024-09-23T12:17:20","date_gmt":"2024-09-23T10:17:20","guid":{"rendered":"https:\/\/www.plurima.net\/?page_id=1734"},"modified":"2024-10-01T12:55:43","modified_gmt":"2024-10-01T10:55:43","slug":"informativa-privacy-intermediari","status":"publish","type":"page","link":"https:\/\/www.plurima.net\/index.php\/informativa-privacy-intermediari\/","title":{"rendered":"Informativa Privacy Intermediari"},"content":{"rendered":"\n<h3 id=\"wp-block-themeisle-blocks-advanced-heading-370ba885\" class=\"wp-block-themeisle-blocks-advanced-heading wp-block-themeisle-blocks-advanced-heading-370ba885\"><strong>INFORMATIVA SUL TRATTAMENTO DEI DATI PERSONALI AI SENSI DEGLI ARTT. 13 E 14 DEL REGOLAMENTO (UE) 2016\/679 (Regolamento generale sulla protezione dei dati) \u2013 Trattamento dati personali dell\u2019intermediario \u2013 Registrazione al Portale Plurima By Italnext<\/strong><\/h3>\n\n\n\n<p>Il presente documento disciplina il trattamento dei dati personali dell\u2019intermediario da parte della Societ\u00e0 Italnext S.r.l. (di seguito\u00a0<strong>\u201cSociet\u00e0\u201d<\/strong>\u00a0o\u00a0<strong>\u201cTitolare\u201d<\/strong>) ai sensi degli artt. 13 e 14 del Regolamento (UE) n. 679\/2016 \u2013 Regolamento generale sulla protezione dei dati (di seguito anche\u00a0<strong>\u201cRegolamento\u201d<\/strong>) nell\u2019ambito dell\u2019utilizzo del portale Plurima by Italnext (di seguito\u00a0<strong>\u201cPortale\u201d<\/strong>).<br><br><strong><mark style=\"background-color:rgba(0, 0, 0, 0)\" class=\"has-inline-color has-black-color\">1. Categorie di dati trattati e origine <\/mark><\/strong>&#8211; La Societ\u00e0 tratter\u00e0 i dati personali che La riguardano (a titolo esemplificativo dati anagrafici e identificativi, dati contatto). Tali dati potranno essere direttamente da Lei forniti, tratti da Sue comunicazioni o altrimenti reperiti. Il conferimento dei dati \u00e8 necessario e un eventuale rifiuto pu\u00f2 comportare l\u2019impossibilit\u00e0 di perseguire le finalit\u00e0 di cui al successivo punto 2 (Finalit\u00e0 del trattamento di dati).<\/p>\n\n\n\n<p><strong><mark style=\"background-color:rgba(0, 0, 0, 0)\" class=\"has-inline-color has-black-color\">2. Finalit\u00e0 del trattamento dei dati <\/mark>&#8211; <\/strong>I Suoi dati saranno trattati dalla Societ\u00e0: (i) per la gestione del rapporto contrattuale esistente con la Societ\u00e0, oppure, se detto rapporto non \u00e8 ancora stato instaurato, per finalit\u00e0 propedeutiche alla sua instaurazione; (ii) per consentirLe la registrazione e l\u2019accesso al Portale e all\u2019area a Lei dedicata; (iii) per invitarLa (mediante posta elettronica e altre tecniche i comunicazione a distanza) a finalizzare il contratto di collaborazione con la Societ\u00e0, qualora, anche a seguito della Sua registrazione al Portale, il rapporto non sia ancora stato instaurato; (iv) per inviarLe periodicamente (mediante posta elettronica e altre tecniche i comunicazione a distanza) comunicazioni, al fine di tenerLa informata su contenuti promozionali di interesse; (v) per esigenze di gestione e controllo interno alla Societ\u00e0; (vi) per attivit\u00e0 di analisi ed elaborazione dei dati per finalit\u00e0 statistiche; (vii) per l\u2019eventuale esercizio e difesa dei diritti in sede giudiziaria; (viii) per adempiere agli obblighi di legge.<\/p>\n\n\n\n<p><br><strong><mark style=\"background-color:rgba(0, 0, 0, 0)\" class=\"has-inline-color has-black-color\">3. Base giuridica del trattamento dei dati\u00a0<\/mark><\/strong>&#8211; In relazione alle finalit\u00e0 (i) e (ii) del punto 2 (Finalit\u00e0 del trattamento dei dati), la base giuridica che legittima il trattamento \u00e8 costituita dall\u2019esecuzione dei servizi richiesti e delle funzionalit\u00e0 previste all\u2019interno del Portale.<\/p>\n\n\n\n<p>Con riferimento alle finalit\u00e0 (iii), (iv), (v), (vi) e (vii), sempre del punto 2, la base giuridica \u00e8 rappresentata dal legittimo interesse del Titolare.<\/p>\n\n\n\n<p>Relativamente alle finalit\u00e0 (iii) e (iv), Lei potr\u00e0 esprimere la volont\u00e0 di non ricevere le comunicazioni. Tale volont\u00e0 potr\u00e0 essere manifestata fin da subito, scrivendo all\u2019indirizzo e-mail <a href=\"mailto:info@italnext.it\">info@italnext.it<\/a> oppure successivamente, in risposta alle comunicazioni rientranti in tale tipologia.<\/p>\n\n\n\n<p>Il trattamento dei dati avverr\u00e0, in ogni caso, strettamente in linea con le finalit\u00e0 di cui al punto 2, anche quando effettuato da parte di soggetti terzi di cui al successivo punto 5 (Comunicazione dei dati a soggetti terzi).<\/p>\n\n\n\n<p><br><strong><mark style=\"background-color:rgba(0, 0, 0, 0)\" class=\"has-inline-color has-black-color\">4. Modalit\u00e0 del trattamento e tempi di conservazione dei dati <\/mark><\/strong>&#8211; I dati saranno trattati dalla Societ\u00e0 &#8211; Titolare del trattamento \u2013 con modalit\u00e0 e procedure, che comportano anche l\u2019ausilio di strumenti elettronici o comunque automatizzati nonch\u00e9 l\u2019impiego di algoritmi dedicati, necessari per fornirLe i servizi da Lei richiesti o in Suo favore previsti.<\/p>\n\n\n\n<p>Nella nostra Societ\u00e0 i dati saranno trattati dai dipendenti e collaboratori, nell\u2019ambito delle rispettive funzioni e in conformit\u00e0 con le istruzioni ricevute, sempre e solo per il conseguimento delle specifiche finalit\u00e0 indicate nella presente informativa e in osservanza alle disposizioni di legge vigenti. Per taluni servizi, inoltre, la Societ\u00e0 potr\u00e0 avvalersi di soggetti terzi che svolgeranno, per conto e secondo le istruzioni ricevute, attivit\u00e0 di natura tecnica, organizzativa e operativa. Questi soggetti rivestiranno la qualifica di Responsabili del trattamento.<\/p>\n\n\n\n<p>I dati saranno conservati per un periodo di tempo compatibile con l&#8217;assolvimento degli obblighi contrattuali e con le indicazioni previste dalla normativa vigente, di norma per dieci anni dalla cessazione del rapporto con l\u2019interessato, fatti salvi il termine prescrizionale previsto per la tutela dei diritti connessi e\/o periodi di conservazione maggiori stabiliti da normative di settore, o come esito del bilanciamento tra il legittimo interesse del Titolare e il rispetto dei diritti e le libert\u00e0 dell\u2019interessato. In ogni caso, la Societ\u00e0 si attiver\u00e0, per verificare l\u2019effettivo permanere dell\u2019interesse e, in sua assenza, per dare corso alla relativa cancellazione.<\/p>\n\n\n\n<p><br><mark style=\"background-color:rgba(0, 0, 0, 0)\" class=\"has-inline-color has-black-color\"><strong>5. Comunicazione dei dati a soggetti terzi<\/strong>\u00a0<\/mark>&#8211; I Suoi dati personali potranno o dovranno essere comunicati a soggetti terzi sia privati che aventi natura pubblica, che operano come autonomi Titolari, per le finalit\u00e0 di cui sopra. L\u2019elenco dei soggetti ai quali potranno essere comunicati i dati personali \u00e8 consultabile nella sezione dedicata \u201cCookie e Privacy\u201d del sito web <a href=\"http:\/\/www.plurima.net\/\">www.plurima.net<\/a> . I Suoi dati personali, inoltre, potranno essere comunicati per finalit\u00e0 amministrative e contabili a societ\u00e0 controllanti, controllate o collegate ai sensi dell\u2019art. 2359 c.c. (situate anche all\u2019estero), ovvero a societ\u00e0 sottoposte a comune controllo. I dati personali acquisiti non saranno soggetti a diffusione. I dati potranno essere comunicati, una volta anonimizzati, ad enti pubblici per finalit\u00e0 di pubblico interesse.<\/p>\n\n\n\n<p><strong><mark style=\"background-color:rgba(0, 0, 0, 0)\" class=\"has-inline-color has-black-color\">6. Trasferimento dei dati all&#8217;estero\u00a0<\/mark><\/strong>&#8211; In casi eccezionali i Suoi dati personali potranno essere trasferiti in Paesi al di fuori dello Spazio Economico Europeo (SEE), sempre nell&#8217;ambito delle finalit\u00e0 indicate nella presente informativa e nel rispetto delle norme e degli accordi internazionali vigenti. In tale eventualit\u00e0 il trasferimento avverr\u00e0 sulla base delle ipotesi previste dalla vigente normativa, tra cui l\u2019utilizzo di regole aziendali vincolanti (cd. BCR \u2013 Binding Corporate Rules), l\u2019applicazione di clausole contrattuali standard definite dalla Commissione Europea o a seguito di un giudizio preventivo di adeguatezza del sistema di protezione dei dati personali del Paese importatore dei dati.<\/p>\n\n\n\n<p><strong><mark style=\"background-color:rgba(0, 0, 0, 0)\" class=\"has-inline-color has-black-color\">7. Diritti dell\u2019interessato<\/mark><\/strong>\u00a0&#8211; Ai sensi degli artt. 12-23 del Regolamento, qualora ne ricorrano i presupposti di legge e secondo le modalit\u00e0 stabilite dal Regolamento, Lei ha il diritto di:<\/p>\n\n\n\n<p>(i) conoscere quali siano i Suoi dati presso la nostra Societ\u00e0, la loro origine, le finalit\u00e0 e le modalit\u00e0 con cui vengono trattati;<\/p>\n\n\n\n<p>(ii) ottenere l\u2019aggiornamento, l\u2019integrazione, la rettifica e la cancellazione dei Suoi dati personali;<\/p>\n\n\n\n<p>(iii) ricevere una copia dei dati in un formato strutturato (cd. \u201cdiritto alla portabilit\u00e0\u201d), chiederne il blocco, la limitazione o opporsi al loro trattamento;<\/p>\n\n\n\n<p>(iv) rivolgersi all&#8217;Autorit\u00e0 Garante per la protezione dei dati personali, secondo le modalit\u00e0 indicate sul sito web www.garanteprivacy.it.<\/p>\n\n\n\n<p>Per l\u2019esercizio dei Suoi diritti, nonch\u00e9 per assumere informazioni pi\u00f9 dettagliate circa i soggetti o le categorie di soggetti ai quali i dati sono comunicati o che ne vengono a conoscenza, non esiti a rivolgersi al nostro Servizio per il riscontro con gli interessati, E-Mail: <a href=\"mailto:info@italnext.it\">info@italnext.it<\/a>.<\/p>\n\n\n\n<p><br><strong><mark style=\"background-color:rgba(0, 0, 0, 0)\" class=\"has-inline-color has-black-color\">8. Titolare del trattamento dei dati <\/mark>&#8211; <\/strong>La Titolare del trattamento \u00e8: Italnext S.r.l. \u2013 Via Francesco Ferrucci 2\u2013 20145 Milano; E-mail <a href=\"mailto:info@italnext.it\">info@italnext.it<\/a> .<\/p>\n\n\n\n<p><strong><mark style=\"background-color:rgba(0, 0, 0, 0)\" class=\"has-inline-color has-black-color\">9. Modifiche e aggiornamenti della presente informativa <\/mark><\/strong>&#8211; Le modifiche e le integrazioni alla presente Informativa che si rendessero in futuro necessarie, saranno rese note a mezzo di pubblicazione nella sezione \u201cCookie e Privacy\u201d del sito web <a href=\"http:\/\/www.plurima.net\/\">www.plurima.net<\/a> .<\/p>\n","protected":false},"excerpt":{"rendered":"<p>Il presente documento disciplina il trattamento dei dati personali dell\u2019intermediario da parte della Societ\u00e0 Italnext S.r.l. (di seguito\u00a0\u201cSociet\u00e0\u201d\u00a0o\u00a0\u201cTitolare\u201d) ai sensi degli artt. 13 e 14 del Regolamento (UE) n. 679\/2016&#8230;<\/p>\n","protected":false},"author":2,"featured_media":0,"parent":0,"menu_order":0,"comment_status":"closed","ping_status":"closed","template":"","meta":{"_themeisle_gutenberg_block_has_review":false,"footnotes":""},"class_list":["post-1734","page","type-page","status-publish"],"yoast_head":"<!-- This site is optimized with the Yoast SEO plugin v23.8 - https:\/\/yoast.com\/wordpress\/plugins\/seo\/ -->\n<title>Informativa Privacy Intermediari - Plurima by Italnext<\/title>\n<meta name=\"robots\" content=\"index, follow, max-snippet:-1, max-image-preview:large, max-video-preview:-1\" \/>\n<link rel=\"canonical\" href=\"https:\/\/www.plurima.net\/index.php\/informativa-privacy-intermediari\/\" \/>\n<meta property=\"og:locale\" content=\"it_IT\" \/>\n<meta property=\"og:type\" content=\"article\" \/>\n<meta property=\"og:title\" content=\"Informativa Privacy Intermediari - Plurima by Italnext\" \/>\n<meta property=\"og:description\" content=\"Il presente documento disciplina il trattamento dei dati personali dell\u2019intermediario da parte della Societ\u00e0 Italnext S.r.l. (di seguito\u00a0\u201cSociet\u00e0\u201d\u00a0o\u00a0\u201cTitolare\u201d) ai sensi degli artt. 13 e 14 del Regolamento (UE) n. 679\/2016...\" \/>\n<meta property=\"og:url\" content=\"https:\/\/www.plurima.net\/index.php\/informativa-privacy-intermediari\/\" \/>\n<meta property=\"og:site_name\" content=\"Plurima by Italnext\" \/>\n<meta property=\"article:modified_time\" content=\"2024-10-01T10:55:43+00:00\" \/>\n<meta name=\"twitter:card\" content=\"summary_large_image\" \/>\n<meta name=\"twitter:label1\" content=\"Tempo di lettura stimato\" \/>\n\t<meta name=\"twitter:data1\" content=\"6 minuti\" \/>\n<script type=\"application\/ld+json\" class=\"yoast-schema-graph\">{\"@context\":\"https:\/\/schema.org\",\"@graph\":[{\"@type\":\"WebPage\",\"@id\":\"https:\/\/www.plurima.net\/index.php\/informativa-privacy-intermediari\/\",\"url\":\"https:\/\/www.plurima.net\/index.php\/informativa-privacy-intermediari\/\",\"name\":\"Informativa Privacy Intermediari - Plurima by Italnext\",\"isPartOf\":{\"@id\":\"https:\/\/www.plurima.net\/#website\"},\"datePublished\":\"2024-09-23T10:17:20+00:00\",\"dateModified\":\"2024-10-01T10:55:43+00:00\",\"breadcrumb\":{\"@id\":\"https:\/\/www.plurima.net\/index.php\/informativa-privacy-intermediari\/#breadcrumb\"},\"inLanguage\":\"it-IT\",\"potentialAction\":[{\"@type\":\"ReadAction\",\"target\":[\"https:\/\/www.plurima.net\/index.php\/informativa-privacy-intermediari\/\"]}]},{\"@type\":\"BreadcrumbList\",\"@id\":\"https:\/\/www.plurima.net\/index.php\/informativa-privacy-intermediari\/#breadcrumb\",\"itemListElement\":[{\"@type\":\"ListItem\",\"position\":1,\"name\":\"Home\",\"item\":\"https:\/\/www.plurima.net\/\"},{\"@type\":\"ListItem\",\"position\":2,\"name\":\"Informativa Privacy Intermediari\"}]},{\"@type\":\"WebSite\",\"@id\":\"https:\/\/www.plurima.net\/#website\",\"url\":\"https:\/\/www.plurima.net\/\",\"name\":\"Plurima by Italnext\",\"description\":\"Plurima Servizi Assicurativi\",\"publisher\":{\"@id\":\"https:\/\/www.plurima.net\/#organization\"},\"potentialAction\":[{\"@type\":\"SearchAction\",\"target\":{\"@type\":\"EntryPoint\",\"urlTemplate\":\"https:\/\/www.plurima.net\/?s={search_term_string}\"},\"query-input\":{\"@type\":\"PropertyValueSpecification\",\"valueRequired\":true,\"valueName\":\"search_term_string\"}}],\"inLanguage\":\"it-IT\"},{\"@type\":\"Organization\",\"@id\":\"https:\/\/www.plurima.net\/#organization\",\"name\":\"Plurima\",\"url\":\"https:\/\/www.plurima.net\/\",\"logo\":{\"@type\":\"ImageObject\",\"inLanguage\":\"it-IT\",\"@id\":\"https:\/\/www.plurima.net\/#\/schema\/logo\/image\/\",\"url\":\"http:\/\/www.plurima.net\/wp-content\/uploads\/2021\/11\/timiline.jpg\",\"contentUrl\":\"http:\/\/www.plurima.net\/wp-content\/uploads\/2021\/11\/timiline.jpg\",\"width\":500,\"height\":350,\"caption\":\"Plurima\"},\"image\":{\"@id\":\"https:\/\/www.plurima.net\/#\/schema\/logo\/image\/\"}}]}<\/script>\n<!-- \/ Yoast SEO plugin. -->","yoast_head_json":{"title":"Informativa Privacy Intermediari - Plurima by Italnext","robots":{"index":"index","follow":"follow","max-snippet":"max-snippet:-1","max-image-preview":"max-image-preview:large","max-video-preview":"max-video-preview:-1"},"canonical":"https:\/\/www.plurima.net\/index.php\/informativa-privacy-intermediari\/","og_locale":"it_IT","og_type":"article","og_title":"Informativa Privacy Intermediari - Plurima by Italnext","og_description":"Il presente documento disciplina il trattamento dei dati personali dell\u2019intermediario da parte della Societ\u00e0 Italnext S.r.l. (di seguito\u00a0\u201cSociet\u00e0\u201d\u00a0o\u00a0\u201cTitolare\u201d) ai sensi degli artt. 13 e 14 del Regolamento (UE) n. 679\/2016...","og_url":"https:\/\/www.plurima.net\/index.php\/informativa-privacy-intermediari\/","og_site_name":"Plurima by Italnext","article_modified_time":"2024-10-01T10:55:43+00:00","twitter_card":"summary_large_image","twitter_misc":{"Tempo di lettura stimato":"6 minuti"},"schema":{"@context":"https:\/\/schema.org","@graph":[{"@type":"WebPage","@id":"https:\/\/www.plurima.net\/index.php\/informativa-privacy-intermediari\/","url":"https:\/\/www.plurima.net\/index.php\/informativa-privacy-intermediari\/","name":"Informativa Privacy Intermediari - Plurima by Italnext","isPartOf":{"@id":"https:\/\/www.plurima.net\/#website"},"datePublished":"2024-09-23T10:17:20+00:00","dateModified":"2024-10-01T10:55:43+00:00","breadcrumb":{"@id":"https:\/\/www.plurima.net\/index.php\/informativa-privacy-intermediari\/#breadcrumb"},"inLanguage":"it-IT","potentialAction":[{"@type":"ReadAction","target":["https:\/\/www.plurima.net\/index.php\/informativa-privacy-intermediari\/"]}]},{"@type":"BreadcrumbList","@id":"https:\/\/www.plurima.net\/index.php\/informativa-privacy-intermediari\/#breadcrumb","itemListElement":[{"@type":"ListItem","position":1,"name":"Home","item":"https:\/\/www.plurima.net\/"},{"@type":"ListItem","position":2,"name":"Informativa Privacy Intermediari"}]},{"@type":"WebSite","@id":"https:\/\/www.plurima.net\/#website","url":"https:\/\/www.plurima.net\/","name":"Plurima by Italnext","description":"Plurima Servizi Assicurativi","publisher":{"@id":"https:\/\/www.plurima.net\/#organization"},"potentialAction":[{"@type":"SearchAction","target":{"@type":"EntryPoint","urlTemplate":"https:\/\/www.plurima.net\/?s={search_term_string}"},"query-input":{"@type":"PropertyValueSpecification","valueRequired":true,"valueName":"search_term_string"}}],"inLanguage":"it-IT"},{"@type":"Organization","@id":"https:\/\/www.plurima.net\/#organization","name":"Plurima","url":"https:\/\/www.plurima.net\/","logo":{"@type":"ImageObject","inLanguage":"it-IT","@id":"https:\/\/www.plurima.net\/#\/schema\/logo\/image\/","url":"http:\/\/www.plurima.net\/wp-content\/uploads\/2021\/11\/timiline.jpg","contentUrl":"http:\/\/www.plurima.net\/wp-content\/uploads\/2021\/11\/timiline.jpg","width":500,"height":350,"caption":"Plurima"},"image":{"@id":"https:\/\/www.plurima.net\/#\/schema\/logo\/image\/"}}]}},"_links":{"self":[{"href":"https:\/\/www.plurima.net\/index.php\/wp-json\/wp\/v2\/pages\/1734"}],"collection":[{"href":"https:\/\/www.plurima.net\/index.php\/wp-json\/wp\/v2\/pages"}],"about":[{"href":"https:\/\/www.plurima.net\/index.php\/wp-json\/wp\/v2\/types\/page"}],"author":[{"embeddable":true,"href":"https:\/\/www.plurima.net\/index.php\/wp-json\/wp\/v2\/users\/2"}],"replies":[{"embeddable":true,"href":"https:\/\/www.plurima.net\/index.php\/wp-json\/wp\/v2\/comments?post=1734"}],"version-history":[{"count":6,"href":"https:\/\/www.plurima.net\/index.php\/wp-json\/wp\/v2\/pages\/1734\/revisions"}],"predecessor-version":[{"id":1809,"href":"https:\/\/www.plurima.net\/index.php\/wp-json\/wp\/v2\/pages\/1734\/revisions\/1809"}],"wp:attachment":[{"href":"https:\/\/www.plurima.net\/index.php\/wp-json\/wp\/v2\/media?parent=1734"}],"curies":[{"name":"wp","href":"https:\/\/api.w.org\/{rel}","templated":true}]}}